d by x(u).
0
Suppose -4*u + 4*n = -u - 277, 2*u = -4*n + 218. Let x(p) = 24*p**3 - p**2 + 3*p - 1. What is the remainder when u is divided by x(1)?
24
Let y(f) = -f**3 + 105*f**2 - 591*f - 3. Suppose -4*x = 4*z - 424, -5*x + 2*x = 5*z - 322. What is the remainder when x is divided by y(6)?
14
What is the remainder when (4 - (-164)/12)/(9/27) is divided by 10?
3
Let l = 415 + -162. What is the remainder when l is divided by 128?
125
Suppose -158*x = -156*x - 34. Calculate the remainder when 389 is divided by x.
15
Suppose -v - 4*x - 16 = -2, 2*v - 3*x + 50 = 0. Let u = -11 - v. Suppose -k - k = -84. What is the remainder when k is divided by u?
9
Suppose 0*t + 17*t - 3638 = 0. Calculate the remainder when t is divided by 37.
29
Let l(k) = 6*k + 488. Calculate the remainder when l(34) is divided by 33.
32
Suppose -3*q - 66 = -r, 3*r = 2*q - 4*q - 44. Calculate the remainder when 47 is divided by 4 - (3 + -1) - (0 + q).
23
What is the remainder when 44 is divided by (20/(-30))/(2/(-48))?
12
Let q(r) = -r**2 - 16*r + 9. Let n(i) be the second derivative of -i**5/10 - i**3/3 + 2*i. What is the remainder when q(-12) is divided by n(-2)?
17
Let h(p) = -23*p - 30. Let l = 2 - -4. Calculate the remainder when h(-2) is divided by l.
4
Calculate the remainder when 235 is divided by 7 - (-3 + -9 - -4).
10
Let g(o) = o**2 - 5*o - 11. Let q(m) = -3*m**2 + 15*m + 33. Let s(l) = 7*g(l) + 2*q(l). Suppose 17 = 4*w + 5. Calculate the remainder when w is divided by s(7).
0
Let w = -815 - -843. Calculate the remainder when 74 is divided by w.
18
Let x = -22 - 20. Calculate the remainder when (-211)/(-6) + 7/x is divided by 18.
17
Suppose -7*h = -183 + 148. Suppose 4*r + 3*w + 0 = 2, r + w = 0. Suppose -v = -r*v + 18. What is the remainder when v is divided by h?
3
Let p = 186 + -57. What is the remainder when p is divided by 46?
37
Calculate the remainder when (-460)/(-6) + (-2)/3 is divided by (-284)/(-28) + 18/21.
10
Let j = 42 - 28. What is the remainder when j/77 - (-548)/11 is divided by 26?
24
Calculate the remainder when 67 is divided by 128/(-1536) + (-674)/(-24).
11
Suppose 2*s + 11 = 19. Suppose -15 = -z - 0*j - s*j, 0 = -3*z + 2*j - 25. What is the remainder when 51 + (-9)/(-3) + z is divided by 17?
15
What is the remainder when 49 is divided by (14 - -3) + (0 - (-3 + 1))?
11
Let o(b) = b**2 + 28*b + 208. Calculate the remainder when 17 is divided by o(-13).
4
Let v(o) = 7*o + 6. Let k be v(5). Suppose -s + 19 = -0*s - g, 0 = 2*s - 3*g - k. Calculate the remainder when (5/(-2))/(s/(-64)) is divided by 6.
4
Let g(f) = -f**3 - 10*f**2 - 5*f + 14. Let u be g(-10). Suppose 7*i - 6*i - u = 0. What is the remainder when i is divided by 22?
20
Suppose -2*n - 3*o + 111 = 0, 5*o = -0 - 15. Suppose j - 48 + 17 = 0. What is the remainder when n is divided by j?
29
Let z = -21 + 21. Suppose z = -0*x - 3*x + 24. Calculate the remainder when 316/x - (-1)/(-2) is divided by 8.
7
Suppose 0 = r + 5*t - 115, -7*r = -2*r + 5*t - 555. Let s = 22 - -6. What is the remainder when r is divided by s?
26
Let x(j) = 6 - 8*j - 2*j - 4 + 1. Let g(n) = n - 9. Let q be g(8). Calculate the remainder when 49 is divided by x(q).
10
What is the remainder when 47 is divided by 51/2*1/((-3)/(-2))?
13
What is the remainder when 22 is divided by ((-224)/20)/8*-5 + 2?
4
Let u = 16 - 10. Let w be ((-14)/8)/((-1)/4). Let o(r) = r**3 - 7*r**2 + 3*r. What is the remainder when o(w) is divided by u?
3
Let b(h) = 12*h**3 - 2*h**2 - 2*h + 8. What is the remainder when b(2) is divided by 25?
17
Suppose 5*y + 4*c - 29 = 0, -3*y + 20 = -0*y + 5*c. Let l = -4 - -17. Suppose 11 = 3*f - l. Calculate the remainder when f is divided by y.
3
Suppose 0 = -25*f + 24*f + 48. Let h = f + -38. What is the remainder when h is divided by 7?
3
Suppose -2*v - 3*o = -98, -3*v - 2*o = 2*v - 267. Suppose -57 = -4*n + v. What is the remainder when 53 is divided by n?
25
Let l(a) = a**2 + a + 21. Let p(y) = y**3 + 4*y**2 - 13*y - 11. Let t be p(-6). What is the remainder when 119 is divided by l(t)?
37
Suppose -2*o + 0 - 2 = 0, -2*w - 4*o + 90 = 0. Let c = -10 - -23. What is the remainder when w is divided by c?
8
Let t(k) = k**2 - 8. Let d be t(-6). Let z = 17 - d. Let i = z + 32. Calculate the remainder when i is divided by 12.
9
Suppose -5*r + 96 = 7*r. Suppose -r*w = -14*w + 330. Calculate the remainder when w is divided by 21.
13
Suppose -15 = -2*s - n, 2*s = -s - n + 21. Let g = 70 + -17. What is the remainder when g is divided by s?
5
Suppose -2586 - 2239 = -25*c. Calculate the remainder when c is divided by 66.
61
Let t = -4 + 4. Suppose -5*l = -4*k - 30, 4*k + 6*l - 2*l + 48 = t. Calculate the remainder when 47 is divided by (-119)/(-5) - 2/k.
23
Suppose -5*y - 5*k = -278 - 22, 5*k - 120 = -2*y. Let t(c) = 22*c**2 + 2*c + 3. What is the remainder when y is divided by t(-1)?
14
Let f be (-8 - -74)*(-2)/(-4). Suppose -5*v + 3*l + f = -88, -2 = l. Let o(p) = p**3 - 2*p**2 - 9*p. What is the remainder when o(6) is divided by v?
21
Let m(v) = v**2 + 11*v + 7. Let i be 15 + -12 - (9 + 1). Let k be m(i). Calculate the remainder when (-1729)/(-49) + 6/k is divided by 19.
16
Suppose -10*q = -8*q - 190. Let y(c) = c + 22. Calculate the remainder when q is divided by y(10).
31
Let x = -988 - -1032. What is the remainder when 201 is divided by x?
25
Suppose -3*m + 57 = 3*i, i + m + 9 = 2*i. Let b = i - 9. Suppose -3*s - 34 = -2*g, -b*g - 4*s + 18 = -44. Calculate the remainder when 27 is divided by g.
13
Calculate the remainder when (-114884)/(-1001) + (-6)/(-26) is divided by 60.
55
Let f be -2*(-46 - -2) + 0 + 4. Let h = f - 55. Calculate the remainder when h is divided by 14.
9
Let q(a) = a**3 - 5*a**2 + 6. Calculate the remainder when (-28)/(-70) - (146/(-5))/2 is divided by q(5).
3
Suppose -3*d - n - 24 = -4*d, -2*n = 4. What is the remainder when 126 is divided by d?
16
Suppose -2*x + k + 20 = -2*k, k - 5 = -x. Let c = 9 - x. Suppose -4*m = c*m - 78. Calculate the remainder when 24 is divided by m.
11
Suppose -5*p = -2*c + 7, 5*c - 4*p + 3*p = 29. Let w be c/((-2)/(1 - 2)). Calculate the remainder when w/(-1)*20/(-30) is divided by 1.
0
What is the remainder when 262 is divided by (-19)/(4/6*93/(-62))?
15
Let m = -15 + 21. Suppose v - 74 = -m. What is the remainder when v is divided by 25?
18
Suppose -2*f = 4*y - 86, 0*y + y + 204 = 5*f. Calculate the remainder when 119 is divided by f.
37
Let c be -2 + (4/(-16))/((-2)/40). Suppose -4*a = 2*m + 4, c*m = 3*a - 7*a + 4. Calculate the remainder when 13 is divided by m.
5
Let n(a) = -110*a - 589. What is the remainder when n(-8) is divided by 75?
66
Let d = -104 - -114. What is the remainder when d is divided by 3?
1
Suppose 6 = 2*b - 22. What is the remainder when 81 is divided by b?
11
Let m = 98 - 50. Let d = 212 + -202. Calculate the remainder when m is divided by d.
8
Let m = -11 + 15. Let d(k) = 6*k - 1 + m + 12*k - 2. Calculate the remainder when 37 is divided by d(1).
18
Let u = -54 + 83. What is the remainder when 231 is divided by u?
28
Let w = -60 + 62. Suppose 151 = w*d - 155. Calculate the remainder when d is divided by 39.
36
Let t(s) = -8*s**3 - 2*s**2. What is the remainder when t(-3) is divided by 25?
23
What is the remainder when 71 is divided by (-4)/(-3 + 2 - 1) - -36?
33
Let i be 3 - (0/1)/1. Suppose i*z - 4*t - 150 - 125 = 0, 0 = -4*z - 5*t + 377. Let j(w) = w**2 - 15*w - 2. Calculate the remainder when z is divided by j(17).
29
Suppose -1243 = -5*n + s, -2*n + 16*s + 492 = 13*s. What is the remainder when n is divided by 63?
60
Suppose 4*c + 2*g - 5924 = -2*g, -12 = -3*g. What is the remainder when c is divided by 20?
17
Suppose 4*g + 36 = 10*g. Calculate the remainder when (45/g)/((-3)/(-16)) is divided by 21.
19
Let g = 14 + -11. Let l(f) = f + 11. Let k(p) = 4*p + 4. Let x be k(-3). Calculate the remainder when l(x) is divided by g.
0
Let b = 12 + -8. Suppose 5*k + 15 = 0, b*k = 4*y - y + 39. Calculate the remainder when y/(-68) + (-11)/(-4) is divided by 2.
1
Calculate the remainder when 8/28 + (-2222)/(-14) is divided by 40.
39
Suppose -8*l = -4*l + 2*t - 648, -l + t + 162 = 0. What is the remainder when 657 is divided by l?
9
Suppose -r = -3*v - 12, -2*r - 3*v = 39 - 108. Calculate the remainder when 66 is divided by r.
12
Suppose -8 = -r